e
Is 165011573 composite?
True
Is 42488911 prime?
True
Is 964601 a prime number?
False
Is 10611343 a composite number?
False
Is 290111677 prime?
True
Is 235211 a composite number?
False
Is 238211 a composite number?
True
Is 1681669 a prime number?
False
Is 56896921 composite?
True
Is 24831751 prime?
False
Is 3431401 a prime number?
True
Is 147775079 a prime number?
True
Is 326840107 a composite number?
True
Is 165650207 prime?
True
Is 131392817 composite?
False
Is 29110645 composite?
True
Is 14052369 a prime number?
False
Is 6536122 prime?
False
Is 9938627 composite?
True
Is 13592861 a composite number?
False
Is 12301837 prime?
True
Is 910001 a composite number?
True
Is 932357 composite?
False
Is 2041661 prime?
True
Is 27952787 a composite number?
True
Is 550723 a prime number?
False
Is 3627737 prime?
True
Is 27383537 a prime number?
True
Is 330149 a prime number?
True
Is 71826017 composite?
False
Is 18370901 composite?
False
Is 104482591 a prime number?
True
Is 5231447 composite?
True
Is 6407113 a prime number?
False
Is 1222261 composite?
True
Is 1813039 a prime number?
True
Is 327378449 composite?
True
Is 9126893 prime?
False
Is 20808821 prime?
False
Is 49007183 composite?
True
Is 802751 composite?
False
Is 203897 prime?
True
Is 1744007 prime?
True
Is 541927 a prime number?
True
Is 47536703 a composite number?
False
Is 119953843 a composite number?
False
Is 16874267 a composite number?
False
Is 13659445 prime?
False
Is 714331831 prime?
True
Is 69615257 a prime number?
False
Is 740105 prime?
False
Is 1930057 a prime number?
True
Is 21468809 a composite number?
False
Is 289596011 a composite number?
True
Is 85529767 a prime number?
True
Is 4414497 prime?
False
Is 447286919 composite?
True
Is 211459201 a composite number?
False
Is 3265433 a composite number?
False
Is 1412893 composite?
False
Is 1318531 a composite number?
True
Is 24957091 a prime number?
False
Is 99211669 a prime number?
True
Is 8340889 composite?
True
Is 2050783 prime?
False
Is 20633203 a prime number?
False
Is 5241839 prime?
True
Is 1010869 a prime number?
False
Is 8380597 a prime number?
True
Is 1346987 a prime number?
True
Is 1037623 a prime number?
False
Is 65280269 a prime number?
True
Is 14189765 a prime number?
False
Is 668251 composite?
True
Is 1693 composite?
False
Is 38619551 prime?
True
Is 4793963 composite?
False
Is 56897257 prime?
True
Is 28880251 a composite number?
True
Is 10978391 composite?
False
Is 2878387 a composite number?
True
Is 5770979 composite?
False
Is 134671 composite?
True
Is 8725531 prime?
True
Is 551515169 prime?
False
Is 458309 a composite number?
False
Is 443548663 prime?
True
Is 6309881 a prime number?
False
Is 650856629 a composite number?
True
Is 82194311 a prime number?
True
Is 84396419 a prime number?
True
Is 11049033 composite?
True
Is 2990123 prime?
True
Is 1259431 composite?
True
Is 20357635 composite?
True
Is 79656673 a prime number?
True
Is 256673 a composite number?
True
Is 178135919 a composite number?
True
Is 6845959 a composite number?
False
Is 1484545 a composite number?
True
Is 74445101 a prime number?
False
Is 97222859 a prime number?
False
Is 592106251 prime?
False
Is 48115537 prime?
False
Is 2785539 a prime number?
False
Is 10049741 prime?
False
Is 467442257 composite?
False
Is 2182601 prime?
True
Is 115800827 a prime number?
True
Is 106312443 a prime number?
False
Is 24706609 a prime number?
True
Is 7374589 a prime number?
True
Is 25803607 a composite number?
False
Is 2130691 a composite number?
True
Is 93058789 a composite number?
True
Is 110486041 a composite number?
True
Is 8292293 composite?
False
Is 57493207 a prime number?
True
Is 64295491 prime?
False
Is 2169029 a composite number?
False
Is 1856593 a composite number?
True
Is 23590702 composite?
True
Is 1103917445 a composite number?
True
Is 60542407 composite?
True
Is 60082283 a prime number?
False
Is 9278357 a composite number?
True
Is 103403 prime?
False
Is 45450241 composite?
False
Is 126959113 composite?
False
Is 403649 prime?
True
Is 22481191 a prime number?
False
Is 2654609 a prime number?
True
Is 17245649 composite?
True
Is 4391221 composite?
False
Is 268335749 a composite number?
True
Is 1204909 composite?
True
Is 4418719 prime?
True
Is 100321037 a composite number?
False
Is 776097151 composite?
True
Is 4473347 composite?
False
Is 92244991 a prime number?
True
Is 74129953 a prime number?
True
Is 55932361 a composite number?
True
Is 21768029 a composite number?
False
Is 21188149 prime?
True
Is 2681254 a composite number?
True
Is 57346937 composite?
False
Is 1914737 a composite number?
True
Is 6181819 a composite number?
True
Is 584571259 a composite number?
False
Is 61388489 a prime number?
False
Is 3559723 a composite number?
True
Is 1684489 a prime number?
True
Is 109523549 a prime number?
True
Is 342386173 prime?
True
Is 182187242 a composite number?
True
Is 2430397 a composite number?
False
Is 15300637 a prime number?
False
Is 231425519 composite?
True
Is 596883799 a prime number?
False
Is 7744649 composite?
True
Is 1236161 prime?
True
Is 5625509 composite?
False
Is 2154193 a composite number?
False
Is 1613747 a prime number?
False
Is 45838985 a composite number?
True
Is 1697117 a composite number?
True
Is 703931 composite?
True
Is 14259733 a composite number?
False
Is 40396553 composite?
False
Is 91066 a composite number?
True
Is 1992183 prime?
False
Is 9202181 a prime number?
False
Is 10671053 prime?
False
Is 14727257 composite?
True
Is 54040411 prime?
True
Is 36234403 a composite number?
True
Is 5277317 composite?
True
Is 292260493 a prime number?
False
Is 18523139 a prime number?
False
Is 189394991 a prime number?
True
Is 1417997158 a composite number?
True
Is 23846419 prime?
True
Is 8363323 a composite number?
False
Is 4959637 a composite number?
False
Is 140812355 composite?
True
Is 323028089 composite?
False
Is 142293089 composite?
False
Is 509281907 composite?
True
Is 7328393 a composite number?
True
Is 62330111 prime?
True
Is 133509569 a prime number?
False
Is 2909791 a prime number?
False
Is 2913139 a composite number?
False
Is 36966217 a prime number?
True
Is 115842359 composite?
False
Is 21507389 a composite number?
False
Is 4332143 composite?
False
Is 32740913 a prime number?
False
Is 9978407 composite?
True
Is 3388829 prime?
True
Is 23455807 a composite number?
True
Is 21883921 a prime number?
True
Is 44889407 a prime number?
True
Is 9462127 composite?
False
Is 111463847 a prime number?
False
Is 51515447 composite?
False
Is 994423 a prime number?
False
Is 395480257 a prime number?
True
Is 625153 composite?
True
Is 4657441 a composite number?
False
Is 154810801 a composite number?
True
Is 2029277 composite?
False
Is 13512461 composite?
False
Is 468511 composite?
True
Is 3132889 a prime number?
False
Is 41061338 a prime number?
False
Is 424995713 composite?
False
Is 27500401 a composite number?
False
Is 385862 a composite number?
True
Is 16332907 composite?
True
Is 20025253 a composite number?
False
Is 40774135 composite?
True
Is 8482549 composite?
False
Is 17884621 a composite number?
False
Is 1427599 prime?
True
Is 419129 a prime number?
False
Is 524301014 a composite number?
True
Is 65787031 a composite number?
True
Is 12198959 prime?
True
Is 9340501 a prime number?
True
Is 107966891 a prime number?
False
Is 7750063 a prime number?
False
Is 229202969 a prime number?
True
Is 182292914 a composite number?
True
Is 22672939 a prime number?
True
Is 19895587 a prime number?
True
Is 21130573 prime?
True
Is 119159 a prime number?
True
Is 29010539 prime?
True
Is 346493 composite?
True
Is 174926333 composite?
False
Is 1948623 composite?
True
Is 2486203 composite?
False
Is 6640763 composite?
True
Is 345317 prime?
False
Is 6717745 a composite number?
True
Is 30959603 a prime number?
True
Is 33071287 a prime number?
False
Is 25476791 a prime number?
True
Is 42931535 prime?
False
Is 2514857 a prime number?
True
Is 47062 composite?
True
Is 680717 a prime number?
False
Is 1390573 composite?
False
Is 47512321 prime?
True
Is 9514235 a prime number?
False
Is 159631099 prime?
True
Is 2222827 composite?
True
Is 8939017 a composite number?
True
Is 28671431 a composite number?
False
Is 9099017 prime?
True
Is 2064275095 prime?
False
Is 70455677 composite?
Fals